at are the prime factors of u(p)?
2
Suppose 5*k - 35 = -0*k. Suppose -5*i = -3 - k. List the prime factors of i.
2
Suppose -r + 3*i - 15 = 0, 0*r + 3*i = -r + 9. Let y = 0 + r. List the prime factors of y + (3 - (-22)/1).
2, 11
Let d be 156/(-15) + (-4)/(-10). Let k be 2/5 + (-346)/d. Suppose -2*n = 7 - k. List the prime factors of n.
2, 7
Let w be 1 - (2 + 0/(-1)). Let r be 82/10 - w/(-5). Let y(u) = -u**2 + 8*u + 7. What are the prime factors of y(r)?
7
Suppose 0 = -n - 4*n + 170. What are the prime factors of n?
2, 17
Suppose 6*i = 5*q + i + 70, 5*q + 4*i = -61. What are the prime factors of q/65 - (-132)/10?
13
Suppose 1 + 3 = 2*y. Suppose m = -4*z + 26, y + 32 = 5*z + 2*m. List the prime factors of z.
2, 3
Suppose 87 = -2*k - 13. Let w = 1 - k. What are the prime factors of w?
3, 17
Suppose -14 = -w + 111. Suppose 0 = -5*n + 5*t + w, -3*n + 79 = -4*t + 5*t. What are the prime factors of n?
2, 13
Suppose 0*v - 2*v + 4*n = -12, 2*n = -5*v + 18. Suppose 0*w = v*w + 4*f - 96, -w = -2*f - 21. List the prime factors of w.
23
Let p(q) = q**2 + 11*q - 17. Let m(c) = c**3 - 6*c**2 + 4*c - 7. Let v be m(5). Let h be p(v). List the prime factors of 15/2*(-8)/h.
2, 3
Suppose -12 = -4*x + 32. What are the prime factors of x?
11
Let x(z) = -z**2 - 7*z + 1. Let v be x(-9). Let i = v + 27. What are the prime factors of i?
2, 5
Let u(o) = 114*o**2 + 2*o - 2. What are the prime factors of u(1)?
2, 3, 19
Let l be 2 + (-1)/((-4)/12). Suppose -2*i + 6 = -d - 1, -4*d - 2 = l*i. What are the prime factors of i?
2
Suppose -5*p + 0 - 5 = 0, -3*v + 28 = 2*p. Suppose m - 3*m = -v. Suppose -m*k + 21 = -2*s, -2*k + 0 + 8 = -s. What are the prime factors of k?
5
Let y = -9 - -12. Suppose -m - 306 = 4*z, -4*m - 51 + 271 = -y*z. What are the prime factors of (3/(-6))/(2/z)?
19
Let u be (-1 - 0)*(10 + -26). What are the prime factors of 180/u + 4/(-16)?
11
Suppose -u + 5*d = -0*d - 24, -5*d - 25 = 0. Let t be 4/((1 - -4)/5). What are the prime factors of -24*(2/t + u)?
2, 3
Suppose 0 = 4*h + 52 + 20. Let r be (-8)/36 + (-130)/h. Suppose -2*t = 5*w - 37 + r, 2*w + 3*t = 23. What are the prime factors of w?
2
Let a be ((2 - 2) + -2)*1. Let g be a/(-8) - (-31)/4. Let l = g - 3. List the prime factors of l.
5
Suppose 5*v - 21 = 2*s, -4*s + 5 - 2 = -v. Suppose j - 4*q = -2, -s*j = 3*q - 6 - 23. What are the prime factors of j?
2, 5
Let p = 3 + -1. List the prime factors of p.
2
Let j = -11 + 17. Let f = j + 0. What are the prime factors of f?
2, 3
Let k(h) = -17*h - 16. What are the prime factors of k(-10)?
2, 7, 11
Let l = 0 - -4. Let t = l + -5. Let n = 5 + t. List the prime factors of n.
2
Let g(v) = -v**2 + v**2 - 5 + v**2. List the prime factors of g(4).
11
What are the prime factors of 2/(-3) - 16635/(-45)?
3, 41
Let q be (-4)/(-18) + (-25)/(-9). Suppose a + 19 = 4*l, -2*a = 5*l - q*l - 12. List the prime factors of (a/2)/((-2)/(-24)).
2, 3
Let h(p) = 25*p + 26. What are the prime factors of h(8)?
2, 113
Suppose -4*s - 5*j + 71 = 0, -2*s - 3*j = -5*j - 22. List the prime factors of s.
2, 7
Let m = -32 + 12. Let y(k) = -k**3 + 10*k**2 - 5*k - 11. Let i be y(10). List the prime factors of 5/m + i/(-4).
3, 5
Let t(p) = p**3 - 3*p**2 - 5*p - 5. Suppose -2*i = -11 + 1. List the prime factors of t(i).
2, 5
Suppose 3*b - 412 = -5*r, 5*b - 410 = 2*b - 4*r. What are the prime factors of b?
2, 67
Let q(g) = -g**3 - g**2 - 10*g - 11. What are the prime factors of q(-5)?
139
Suppose k + 18 = 4*k + 3*o, -k + 3*o = 2. Suppose -2*u = -2*w - 4 - 0, 2*u = -k*w - 20. Let f = u + 5. What are the prime factors of f?
3
Suppose 0 = -m + 5*i + 13, -4*i + 8 = -m + 20. Suppose 7*a + 7 = m*a. What are the prime factors of a?
7
What are the prime factors of -3 - ((-3)/(-6) - 1030/4)?
2, 127
Let i = -156 + 25. Let u = -71 - i. Suppose 5*k = 5*h + u, -5*k - 5*h = -k - 84. What are the prime factors of k?
2
Let o(d) be the second derivative of 5/12*d**4 + 0 + 1/3*d**3 + d - 1/2*d**2. List the prime factors of o(1).
2, 3
Let q(j) = -4 - 3*j - 1 + 4 - 3*j. What are the prime factors of q(-1)?
5
Suppose -5*i = -30 - 50. Let f(q) = -q**3 - 9*q**2 - 10*q - 7. Let l be f(-8). What are the prime factors of (-2)/(-9) + i/l?
2
Let l(s) = s**2 + 6. Let x be l(0). Suppose f + x = 2*f. What are the prime factors of f?
2, 3
Let w be 3 - 2 - (-2)/2. Suppose -w*j = 5*s - 59, 4*j = 2*s + 6*j - 20. Let z = s + -3. List the prime factors of z.
2, 5
Let j(q) = 197*q**2 + 6*q - 6. What are the prime factors of j(1)?
197
What are the prime factors of ((-57)/(-3) - -4)*1?
23
Suppose -2*k + 5*u - 105 + 325 = 0, 426 = 4*k - 3*u. Suppose 0*w = -5*w + k. What are the prime factors of w?
3, 7
Suppose 2*y = -3 + 23. Let a be 42/y - (-1)/(-5). Suppose -a - 2 = -o. What are the prime factors of o?
2, 3
Let m be 1/2*190/5. Suppose -37 = -4*i + m. Suppose -3*j + 1 = -i. List the prime factors of j.
5
Suppose 0 = 5*d + 1 - 11. Let b be (30 - d/2) + 0. Let m = b - 21. List the prime factors of m.
2
Let b(z) = 3 - 4 + 3 - 5 - 22*z. What are the prime factors of b(-2)?
41
Suppose 3*i + 27 = 2*a + a, -a + 3 = 5*i. Let v = a - 6. List the prime factors of v.
2
Let o(h) = -3*h**3 + 8*h**2 + h - 8. Let i(r) = -13*r**3 + 33*r**2 + 5*r - 33. Let z(a) = 2*i(a) - 9*o(a). List the prime factors of z(6).
2, 3
Let r(q) = -11*q**3 - q. Suppose -h - 4*h - 5*d - 10 = 0, 3 = -h - 2*d. Let g be r(h). Let f = g - 6. List the prime factors of f.
2, 3
Let j(f) be the first derivative of -2/3*f**3 + 3 - f - f**4 + 0*f**2. List the prime factors of j(-2).
23
What are the prime factors of 2828/16 - 3/(-12)?
3, 59
Let w = 285 - 201. What are the prime factors of w?
2, 3, 7
Suppose 0 = 3*b + 2*g - 271, -g + 90 = -0*b + b. What are the prime factors of b?
7, 13
Let m(s) = -s**3 + 8*s**2 - 2*s + 17. List the prime factors of m(7).
2, 13
Let m(i) = i**2 - 5*i + 6. Let a be m(4). Suppose 2*k - 12 = p - a*p, 4*k - 48 = -4*p. What are the prime factors of p?
2, 3
Let b be ((-3)/6)/((-2)/24). Suppose 2*a - b = -a. Suppose 2*n - 5*n - a*z = -22, -2*z + 26 = 4*n. List the prime factors of n.
2
Let n = 20 + -1. List the prime factors of n.
19
Let p(y) = y**2 + 2*y + 5. What are the prime factors of p(3)?
2, 5
Let b = 15 - -84. List the prime factors of b.
3, 11
Let z = -5 + 3. Let d be (-1383)/(-27) + z/9. Suppose -f + d = 5*h - 3*f, 2*h + 4*f = 30. What are the prime factors of h?
11
What are the prime factors of 350/10 - (0 - -1)*2?
3, 11
Let y be (-1)/(-1) + 2/1. Suppose -y*v + 100 = 2*v. Let a = 33 - v. List the prime factors of a.
13
Let j(k) = -k**3 - 8*k**2 + 2*k - 13. List the prime factors of j(-10).
167
Let t be (-26)/(-10) + (-4)/(-10). Suppose l - 12 = t*l. What are the prime factors of (-5)/((-45)/l)*-3?
2
Let c be 1/(-2 + 69/33). Let t = 28 - c. What are the prime factors of t?
17
Suppose -88 = -4*h + 3*u, 5 = 3*u - 7. List the prime factors of h.
5
Let t = 9 - 9. Suppose t = -2*k - 2*i + 28, 0 = -2*i - 2*i + 4. Suppose -3*w - 2*w + 105 = -3*a, -w - a + k = 0. List the prime factors of w.
2, 3
Suppose h + 6 = -2*h. What are the prime factors of 5/h*(-4 + 2)?
5
Let a(v) = 9*v - 6*v - 12*v - v**2. What are the prime factors of a(-5)?
2, 5
Let y(f) = 3*f**2 + 3. List the prime factors of y(-3).
2, 3, 5
Suppose -20 = -2*n + 10. List the prime factors of n.
3, 5
Suppose -2*j + 78 = 2*u, 4*j - 2*u + 4*u - 152 = 0. List the prime factors of j.
37
Let f = -6 + 41. List the prime factors of f.
5, 7
Let v be (0 + 1)*4 + -3. What are the prime factors of 20/(-5)*(0 - v)?
2
Suppose 0 = -4*h + 4, -2*h - 2*h + 19 = 5*f. Suppose -f*p = -8*p + 115. List the prime factors of p.
23
Let h be 6/(-9) + 184/6. Suppose -5*b - 2*j = -11 - h, -4*b + 31 = j. What are the prime factors of b?
7
Let r(t) = -5*t + 10. List the prime factors of r(-4).
2, 3, 5
Let u = -7 - -11. Suppose 0*w = -5*w - u*s + 86, -4*w - 5*s + 76 = 0. List the prime factors of w.
2, 7
Suppose 10*k - 7*k = 33. What are the prime factors of k?
11
Suppose -4*c + 4*z + 4 = 0, 3*z = 4*c - 2*z. Let l = 9 - c. What are the prime factors of l?
2
Suppose 5*v - 32 = -2*b, 0*b - 5*b = -2*v - 80. List the prime factors of b.
2
Let c = -1 - -6. Suppose -18 = -i - c. What are the prime factors of i?
13
Let c(s) = s**3 + 7*s**2 + 6*s + 3. Let i be c(-6). Suppose -2*q - 22 = -z, -i*z + 2*z + q = -19. Let h = -6 + z. Wh